oes 75 divide 60632?
False
Is 39 a factor of 274157?
False
Does 11 divide 3062976?
False
Is 1516680 a multiple of 9?
True
Is 17 a factor of 899436?
True
Is 64270 a multiple of 229?
False
Is 95 a factor of 397864?
False
Is 213 a factor of 2308281?
True
Is 375347 a multiple of 6?
False
Does 3 divide 60794?
False
Is 2050308 a multiple of 13?
True
Is 15984 a multiple of 144?
True
Is 5158270 a multiple of 10?
True
Is 391 a factor of 4299203?
False
Is 1974174 a multiple of 11?
False
Does 142 divide 11230496?
True
Is 7 a factor of 675928?
False
Is 202 a factor of 745631?
False
Is 558 a factor of 454770?
True
Is 35 a factor of 359714?
False
Is 2997697 a multiple of 26?
False
Is 5814903 a multiple of 300?
False
Is 88 a factor of 776952?
True
Does 240 divide 45914?
False
Is 134810 a multiple of 61?
True
Does 2 divide 31595?
False
Does 25 divide 13035758?
False
Does 109 divide 864522?
False
Is 15 a factor of 1254382?
False
Is 6277765 a multiple of 24?
False
Does 151 divide 45341?
False
Does 10 divide 49567?
False
Is 9267655 a multiple of 403?
False
Does 19 divide 39687?
False
Is 20196 a multiple of 133?
False
Is 524766 a multiple of 136?
False
Is 69 a factor of 1305273?
True
Is 7 a factor of 43477?
True
Is 7570680 a multiple of 633?
True
Is 11306853 a multiple of 67?
True
Does 13 divide 1919008?
True
Is 6 a factor of 100020?
True
Is 142 a factor of 97554?
True
Does 24 divide 5808?
True
Does 143 divide 6501331?
False
Does 23 divide 165922?
True
Does 242 divide 1408682?
True
Is 7411235 a multiple of 353?
True
Is 90 a factor of 352573?
False
Is 190278 a multiple of 11?
True
Is 66330 a multiple of 38?
False
Is 2428376 a multiple of 14?
False
Does 12 divide 220452?
True
Is 971568 a multiple of 167?
False
Is 224 a factor of 102816?
True
Is 2703132 a multiple of 324?
True
Does 136 divide 362440?
True
Is 655 a factor of 5429950?
True
Is 24829728 a multiple of 745?
False
Is 2761 a multiple of 4?
False
Is 1370069 a multiple of 115?
False
Does 93 divide 218118?
False
Is 124730 a multiple of 5?
True
Is 27 a factor of 21788703?
True
Is 18 a factor of 47754?
True
Does 214 divide 1903316?
True
Is 58 a factor of 40658?
True
Is 346 a factor of 1699206?
True
Is 11046 a multiple of 14?
True
Does 79 divide 170324?
True
Does 6 divide 2892?
True
Does 8 divide 11345735?
False
Is 192 a factor of 692544?
True
Does 31 divide 765080?
True
Does 251 divide 632520?
True
Is 21636 even?
True
Does 31 divide 208915?
False
Is 5473756 a multiple of 107?
False
Does 200 divide 5351188?
False
Is 26 a factor of 610124?
False
Is 157 a factor of 1492086?
False
Does 87 divide 193430?
False
Is 1195298 a multiple of 31?
True
Does 37 divide 1555739?
True
Is 40893 a multiple of 43?
True
Does 1460 divide 19597580?
True
Does 10 divide 892676?
False
Is 549 a factor of 6243201?
False
Is 32 a factor of 1822240?
True
Is 1505490 a multiple of 6?
True
Does 702 divide 1218672?
True
Is 54800 a multiple of 685?
True
Is 2853969 a multiple of 85?
False
Does 11 divide 1305647?
False
Is 8709136 a multiple of 11?
False
Does 127 divide 168991?
False
Does 1816 divide 12312797?
False
Does 4 divide 12209?
False
Does 36 divide 8036?
False
Is 72664 a multiple of 4?
True
Is 13 a factor of 9490?
True
Does 138 divide 666702?
False
Does 34 divide 463054?
False
Is 57 a factor of 1200018?
False
Does 22 divide 419835?
False
Is 7205855 a multiple of 361?
False
Does 176 divide 13286168?
False
Does 89 divide 3210511?
False
Is 97260 a multiple of 15?
True
Is 1806332 a multiple of 11?
True
Is 28 a factor of 2253468?
True
Does 6 divide 3516?
True
Is 4078130 a multiple of 149?
True
Is 640420 a multiple of 110?
True
Is 543444 a multiple of 132?
True
Does 179 divide 55848?
True
Does 171 divide 3179572?
False
Is 14 a factor of 1250444?
False
Is 180920 a multiple of 4?
True
Is 37440 a multiple of 15?
True
Does 16 divide 497552?
True
Does 355 divide 501970?
True
Is 54302 a multiple of 19?
True
Does 4 divide 24974?
False
Does 294 divide 757214?
False
Is 2031 a factor of 25600755?
True
Is 2258262 a multiple of 654?
True
Is 124469 a multiple of 85?
False
Is 519443 a multiple of 67?
False
Does 742 divide 6944378?
True
Is 13 a factor of 7074460?
False
Is 32 a factor of 377451?
False
Is 891423 a multiple of 13?
True
Is 11988 a multiple of 122?
False
Does 103 divide 664865?
True
Does 9 divide 285516?
True
Is 185758 a multiple of 206?
False
Is 211 a factor of 258686?
True
Is 550 a factor of 162895?
False
Does 28 divide 1314447?
False
Does 20 divide 1836060?
True
Does 285 divide 1549545?
True
Is 1585617 a multiple of 506?
False
Is 24 a factor of 59808?
True
Is 182 a factor of 421286?
False
Is 84 a factor of 3459568?
False
Is 294 a factor of 330166?
False
Is 82 a factor of 265281?
False
Is 6279660 a multiple of 60?
True
Is 398353 a multiple of 788?
False
Is 192593 a multiple of 16?
False
Is 2322572 a multiple of 121?
False
Is 153888 a multiple of 458?
True
Does 10 divide 41245346?
False
Is 138998 a multiple of 13?
False
Does 472 divide 354944?
True
Is 6 a factor of 393370?
False
Is 713891 a multiple of 445?
False
Is 719394 a multiple of 16?
False
Is 86498 a multiple of 122?
True
Does 2 divide 113893?
False
Is 53040 a multiple of 26?
True
Does 17 divide 964444?
True
Does 205 divide 346754?
False
Is 63434 a multiple of 111?
False
Is 167 a factor of 417500?
True
Is 588929 a multiple of 139?
False
Does 518 divide 877492?
True
Is 64 a factor of 15616?
True
Is 14 a factor of 563881?
False
Does 757 divide 10322452?
True
Is 71 a factor of 151940?
True
Is 35946 a multiple of 9?
True
Does 86 divide 203820?
True
Does 7 divide 406673?
False
Does 99 divide 1311156?
True
Is 5 a factor of 2118564?
False
Does 96 divide 40221?
False
Is 333 a factor of 135478?
False
Does 171 divide 3031317?
True
Is 16415 a multiple of 3?
False
Is 366 a factor of 752714?
False
Does 7 divide 825796?
False
Is 1323245 a multiple of 55?
True
Does 35 divide 334458?
False
Is 2535940 a multiple of 10?
True
Is 390375 a multiple of 283?
False
Is 366 a factor of 16031166?
True
Is 258 a factor of 123582?
True
Is 8999 a multiple of 15?
False
Is 34686 a multiple of 17?
False
Is 74 a factor of 705085?
False
Is 29 a factor of 516200?
True
Is 2 a factor of 99065?
False
Is 67 a factor of 381001?
False
Is 1812695 a multiple of 92?
False
Does 15 divide 1064700?
True
Does 23 divide 5217515?
False
Is 13 a factor of 3785774?
False
Is 165246 a multiple of 6?
True
Is 427160 a multiple of 10?
True
Is 33 a factor of 2461087?
False
Is 588824 a multiple of 63?
False
Is 238 a factor of 1024998?
False
Is 12520929 a multiple of 877?
True
Is 1425 a factor of 14433825?
True
Is 23 a factor of 1463214?
True
Does 11 divide 154946?
True
Is 55 a factor of 51285?
False
Is 132 a factor of 2506132?
False
Is 94269 a multiple of 67?
True
Is 8494493 a multiple of 21?
False
Does 13 divide 1052376?
True
Is 116763 a multiple of 6?
False
Does 381 divide 1362456?
True
Is 14 a factor of 2161012?
True
Does 11 divide 156249?
False
Is 748386 a multiple of 255?
False
Does 18 divide 135488?
False
Does 11 divide 12991?
True
Is 12 a factor of 8417?
False
Does 4 divide 1096690?
False
Is 36 a factor of 227880?
True
Is 592 a factor of 12432?
True
Is 1882327 even?
False
Does 28 divide 27598282?
False
Does 17 divide 70889?
False
Is 21290403 a multiple of 183?
True
Is 140940 a multiple of 12?
True
Is 9083923 a multiple of 5?
False
Is 22412 a multiple of 160?
False
Does 21 divide 680715?
True
Is 113 a factor of 1209094?
False
Is 7 a factor of 8099?
True
Is 143197 a multiple of 16?
False
Is 8 a factor of 104627?
False
Does 288 divide 1286822?
False
Is 196 a factor of 494791?
False
Does 282 divide 110262?
True
Does 28 divide 4438056?
True
Is 78 a factor of 426718?
False
Is 105 a factor of 57645?
True
Does 4 divide 41432?
True
Is 9450 a multiple of 9?
True
Does 10 divide 34300?
True
Does 19 divide 169621?
False
Is 21365 a multiple of 21?
False
Does 71 divide 57297?
True
Is 120 a factor of 82127?
False
Is 2 a factor of 21273?
False
Is 65 a factor of 19955?
True
Is 11572746 a multiple of 30?
False
Does 7 divide 137205?
False
Is 12 a factor of 188460?
True
Is 38 a factor of 398126?
True
Does 114 divide 12303714?
False
Does 73 divide 237274?
False
Is 804 a factor of 17442994?
False
Is 40 a factor of 61320?
True
Does 13 divide 3942991?
True
Is 225 a f